{"id":58,"date":"2019-10-01T09:08:02","date_gmt":"2019-10-01T09:08:02","guid":{"rendered":"https:\/\/www.demo.cosmoswp.com\/demo-3\/?page_id=206"},"modified":"2025-10-07T09:14:38","modified_gmt":"2025-10-07T07:14:38","slug":"makler","status":"publish","type":"page","link":"https:\/\/www.passek-immobilien.de\/content\/makler\/","title":{"rendered":"Makler"},"content":{"rendered":"\n<div id=\"section-g2408bd\" class=\"wp-block-gutentor-e1 section-g2408bd gutentor-element gutentor-element-advanced-text text-align-center-desktop text-align-center-tablet text-align-center-mobile\"><div class=\"gutentor-text-wrap\"><h2 class=\"gutentor-text\">PASSEK IMMOBILIEN &#8211; Wenn es anders werden soll<\/h2><\/div><\/div>\n\n\n\n<div id=\"section-gb584ef\" class=\"wp-block-gutentor-e1 section-gb584ef gutentor-element gutentor-element-advanced-text text-align-center-desktop\"><div class=\"gutentor-text-wrap\"><p class=\"gutentor-text\">PASSEK-IMMOBILIEN bewertet Ihre Immobile kostenlos. Wir verkaufen Ihr Objekt entsprechend den aktuellen Marktbedingungen, welcher Art auch immer. Nicht nur der Verkauf selbst oder die Vermittlung, sondern das Erkennen von Potential bzgl. Umbau oder Umnutzung bringen deutliche Vorteile, da Sanierungen, Umbauten oder der Neubau lange Tradition von PASSEK-IMMOBILIEN haben. Sie d\u00fcrfen mehr, als die schlichte Maklert\u00e4tigkeit erwarten. Vertrauen Sie auf 25 Jahre Erfahrung auf dem Berliner und Brandenburger Immobilienmarkt. Seri\u00f6s, ehrlich, auch \u00fcberregional.<\/p><\/div><\/div>\n\n\n\n<section id=\"section-1873669f-0227-4b30-8680-0d79ce2fb949\" class=\"wp-block-gutentor-image-box gutentor-section gutentor-image-wrapper imagebox-template1\"><div class=\"grid-container\"><div class=\"grid-row gutentor-grid-item-wrap\"><div class=\"gutentor-grid-column grid-lg-3 grid-md-4 grid-12\"><div class=\"gutentor-single-item gutentor-image gutentor-single-item-0\"><div class=\"gutentor-single-item-wrap\"><div class=\"gutentor-single-item-image-box\"><div class=\"gutentor-image-thumb\"><img loading=\"lazy\" decoding=\"async\" class=\"normal-image\" src=\"https:\/\/www.passek-immobilien.de\/content\/wp-content\/uploads\/2022\/05\/bungalow-zum-verkauf-2.jpg\" alt=\"\" height=\"600\" width=\"800\"\/><\/div><\/div><div class=\"gutentor-single-item-content\"><h4 class=\"gutentor-single-item-title\">Bungalow<\/h4><p class=\"gutentor-single-item-desc\">Hochwertiger Bungalow auf 824 m\u00b2 in Panketal<\/p><\/div><\/div><\/div><\/div><div class=\"gutentor-grid-column grid-lg-3 grid-md-4 grid-12\"><div class=\"gutentor-single-item gutentor-image gutentor-single-item-1\"><div class=\"gutentor-single-item-wrap\"><div class=\"gutentor-single-item-image-box\"><div class=\"gutentor-image-thumb\"><img loading=\"lazy\" decoding=\"async\" class=\"normal-image\" src=\"https:\/\/www.passek-immobilien.de\/content\/wp-content\/uploads\/2022\/05\/gehoeft-zum-verkauf-1.jpg\" alt=\"\" height=\"600\" width=\"800\"\/><\/div><\/div><div class=\"gutentor-single-item-content\"><h4 class=\"gutentor-single-item-title\">Bauerngeh\u00f6ft<\/h4><p class=\"gutentor-single-item-desc\">Bauerngeh\u00f6ft auf 5.000 m\u00b2 Grundst\u00fcck zzgl. Gr\u00fcnland<\/p><\/div><\/div><\/div><\/div><div class=\"gutentor-grid-column grid-lg-3 grid-md-4 grid-12\"><div class=\"gutentor-single-item gutentor-image gutentor-single-item-2\"><div class=\"gutentor-single-item-wrap\"><div class=\"gutentor-single-item-image-box\"><div class=\"gutentor-image-thumb\"><img loading=\"lazy\" decoding=\"async\" class=\"normal-image\" src=\"https:\/\/www.passek-immobilien.de\/content\/wp-content\/uploads\/2022\/05\/dhh-verkauft.jpg\" alt=\"\" height=\"600\" width=\"800\"\/><\/div><\/div><div class=\"gutentor-single-item-content\"><h4 class=\"gutentor-single-item-title\">Doppelhaush\u00e4lfte<\/h4><p class=\"gutentor-single-item-desc\">DHH mit Nebengelass auf gro\u00dfem Grundst\u00fcck<\/p><\/div><\/div><\/div><\/div><div class=\"gutentor-grid-column grid-lg-3 grid-md-4 grid-12\"><div class=\"gutentor-single-item gutentor-image gutentor-single-item-3\"><div class=\"gutentor-single-item-wrap\"><div class=\"gutentor-single-item-image-box\"><div class=\"gutentor-image-thumb\"><img loading=\"lazy\" decoding=\"async\" class=\"normal-image\" src=\"https:\/\/www.passek-immobilien.de\/content\/wp-content\/uploads\/2021\/01\/verkauft2.jpg\" alt=\"\" height=\"600\" width=\"800\"\/><\/div><\/div><div class=\"gutentor-single-item-content\"><h4 class=\"gutentor-single-item-title\">Doppelhaush\u00e4lfte<\/h4><p class=\"gutentor-single-item-desc\">Neue Doppelhaush\u00e4lfte in ruhiger Lage<\/p><\/div><\/div><\/div><\/div><div class=\"gutentor-grid-column grid-lg-3 grid-md-4 grid-12\"><div class=\"gutentor-single-item gutentor-image gutentor-single-item-4\"><div class=\"gutentor-single-item-wrap\"><div class=\"gutentor-single-item-image-box\"><div class=\"gutentor-image-thumb\"><img loading=\"lazy\" decoding=\"async\" class=\"normal-image\" src=\"https:\/\/www.passek-immobilien.de\/content\/wp-content\/uploads\/2021\/01\/verkauft3.jpg\" alt=\"\" height=\"600\" width=\"800\"\/><\/div><\/div><div class=\"gutentor-single-item-content\"><h4 class=\"gutentor-single-item-title\">Einfamilienhaus<\/h4><p class=\"gutentor-single-item-desc\">EFH in ruhiger Lage mit gro\u00dfem Grundst\u00fcck<\/p><\/div><\/div><\/div><\/div><div class=\"gutentor-grid-column grid-lg-3 grid-md-4 grid-12\"><div class=\"gutentor-single-item gutentor-image gutentor-single-item-5\"><div class=\"gutentor-single-item-wrap\"><div class=\"gutentor-single-item-image-box\"><div class=\"gutentor-image-thumb\"><img loading=\"lazy\" decoding=\"async\" class=\"normal-image\" src=\"https:\/\/www.passek-immobilien.de\/content\/wp-content\/uploads\/2021\/01\/verkauft4.jpg\" alt=\"\" height=\"600\" width=\"800\"\/><\/div><\/div><div class=\"gutentor-single-item-content\"><h4 class=\"gutentor-single-item-title\">Villa<\/h4><p class=\"gutentor-single-item-desc\">Architektenvilla aus den 30er Jahren<\/p><\/div><\/div><\/div><\/div><div class=\"gutentor-grid-column grid-lg-3 grid-md-4 grid-12\"><div class=\"gutentor-single-item gutentor-image gutentor-single-item-6\"><div class=\"gutentor-single-item-wrap\"><div class=\"gutentor-single-item-image-box\"><div class=\"gutentor-image-thumb\"><img loading=\"lazy\" decoding=\"async\" class=\"normal-image\" src=\"https:\/\/www.passek-immobilien.de\/content\/wp-content\/uploads\/2021\/01\/verkauft1.jpg\" alt=\"\" height=\"600\" width=\"800\"\/><\/div><\/div><div class=\"gutentor-single-item-content\"><h4 class=\"gutentor-single-item-title\">Einfamilienhaus<\/h4><p class=\"gutentor-single-item-desc\">Gepflegtes EFH mit viel Nebengelass<\/p><\/div><\/div><\/div><\/div><\/div><\/div><\/section>\n\n\n\n<p class=\"has-white-color has-text-color\">&#8230;&#8230;.<\/p>\n","protected":false},"excerpt":{"rendered":"<p>&#8230;&#8230;.<\/p>\n","protected":false},"author":1,"featured_media":0,"parent":0,"menu_order":0,"comment_status":"closed","ping_status":"closed","template":"template-gutentor-full-width.php","meta":{"footnotes":""},"class_list":["post-58","page","type-page","status-publish","hentry"],"_links":{"self":[{"href":"https:\/\/www.passek-immobilien.de\/content\/wp-json\/wp\/v2\/pages\/58","targetHints":{"allow":["GET"]}}],"collection":[{"href":"https:\/\/www.passek-immobilien.de\/content\/wp-json\/wp\/v2\/pages"}],"about":[{"href":"https:\/\/www.passek-immobilien.de\/content\/wp-json\/wp\/v2\/types\/page"}],"author":[{"embeddable":true,"href":"https:\/\/www.passek-immobilien.de\/content\/wp-json\/wp\/v2\/users\/1"}],"replies":[{"embeddable":true,"href":"https:\/\/www.passek-immobilien.de\/content\/wp-json\/wp\/v2\/comments?post=58"}],"version-history":[{"count":39,"href":"https:\/\/www.passek-immobilien.de\/content\/wp-json\/wp\/v2\/pages\/58\/revisions"}],"predecessor-version":[{"id":651,"href":"https:\/\/www.passek-immobilien.de\/content\/wp-json\/wp\/v2\/pages\/58\/revisions\/651"}],"wp:attachment":[{"href":"https:\/\/www.passek-immobilien.de\/content\/wp-json\/wp\/v2\/media?parent=58"}],"curies":[{"name":"wp","href":"https:\/\/api.w.org\/{rel}","templated":true}]}}